{"id":177,"date":"2016-03-16T16:19:17","date_gmt":"2016-03-16T15:19:17","guid":{"rendered":"http:\/\/www.aufkleber-druck-profi.de\/?page_id=177"},"modified":"2017-09-21T13:45:21","modified_gmt":"2017-09-21T11:45:21","slug":"porto-und-zahlung","status":"publish","type":"page","link":"http:\/\/directmail-profi.de\/?page_id=177","title":{"rendered":"Porto und Zahlung"},"content":{"rendered":"<p>Directmails lohnen bereits ab einer Auflage von ledigleich 200 Stu\u0308ck. Diese Auflage ist ausreichend, um anstelle des u\u0308blichen Briefportos von<br \/>\nderzeit 70 Cent nur ein Briefporto von 28 Cent zu entrichten. Natu\u0308rlich gibt es dafu\u0308r auch Vorgaben, die vom Versender einzuhalten sind.<br \/>\nDie 28 Cent gelten fu\u0308r Mailings (Dialogpost) bis zu einem Gewicht von 20g und den Maximalma\u00dfen von 125 x 235 mm (bei max. 5 mm<br \/>\nSt\u00e4rke). Gleichzeitig mu\u0308ssen die Briefe auf- oder absteigend nach Postleitzahlen sortiert sein und allesamt aus der selben Leitregion stammen<br \/>\n(das sind die ersten beiden Ziffern). Welche Leitregionen bei Ihrer Postfiliale gelten, kann entweder vor Ort oder u\u0308ber die Direktmarketingcenter<br \/>\nder DPAG (Deutsche Post AG) erfragt werden.<\/p>\n<p>Da mittlerweile neben der DPAG (Deutsche Post AG) weitere Dienstleister Aussendungen fu\u0308r Massenpost u\u0308bernehmen, variieren die Preise<br \/>\nund Voraussetzungen hierfu\u0308r stark. Jeder Dienstleister hat eigene Voraussetzungen fu\u0308r den Versand und an das Adressmaterial, dass unbedingt<br \/>\ndas Gespr\u00e4ch mit diesem Dienstleister und auch mit einer auf Direktmarketing spezialisierten Druckerei bzw. Lettershops notwendig<br \/>\nsind.<\/p>\n<p>Neben Briefen oder Postkarten k\u00f6nnen auch Pakete oder Mustersendungen als Massenpost verschickt werden. Grunds\u00e4tzlich gelten die selben<br \/>\nVoraussetzungen wie zuvor beschrieben, jedoch kann es auf Grund der Gr\u00f6\u00dfe oder des Gewichtes der Sendungen lohnswert sein, die in<br \/>\nDeutschland t\u00e4tigen Paketdienste mit der Zustellung zu beauftragen. Setzen Sie sich also vor der Produktion der Werbemittel mit den Paketdienstleistern<br \/>\nin Verbindung, um die M\u00f6glichkeiten und die Preise des Versand s zu kl\u00e4ren. M\u00f6gliche Zusteller sind DHL, DPD, Hermes, UPS<br \/>\noder bspw. GLS.<\/p>\n<p>Zahlung<br \/>\nDie Zahlung der Portokosten ist recht einfach. Entweder werden die Portokosten bei der Einlieferung der Aussendung bezahlt oder es wird<br \/>\ndie PostCard vorgelegt, u\u0308ber die die Zahlung bargeldlos abgewickelt werden kann. Zu beantragen ist die PostCard zum Beispiel u\u0308ber das Internet<br \/>\nunter dieser Web-Adresse: <a title=\"PostCard-Antrag\" href=\"https:\/\/www.efiliale.de\/efiliale\/pc_antrag\/pc_antrag.jsp\" target=\"_blank\">https:\/\/www.efiliale.de\/efiliale\/pc_antrag\/pc_antrag.jsp<\/a><br \/>\nEine weitere M\u00f6glichkeit zur Zahlung der Portokosten ist die Abwicklung der Mailingaktion u\u0308ber einen Dienstleister. Das kann eine auf Direktmarketing<br \/>\nspezialisierte Druckerei oder Lettershop sein. Diese verauslagen die Portokosten und stellen<\/p>\n","protected":false},"excerpt":{"rendered":"<p>Directmails lohnen bereits ab einer Auflage von ledigleich 200 Stu\u0308ck. Diese Auflage ist ausreichend, um anstelle des u\u0308blichen Briefportos von<\/p>\n","protected":false},"author":1,"featured_media":0,"parent":0,"menu_order":0,"comment_status":"closed","ping_status":"closed","template":"","meta":{"footnotes":""},"_links":{"self":[{"href":"http:\/\/directmail-profi.de\/index.php?rest_route=\/wp\/v2\/pages\/177"}],"collection":[{"href":"http:\/\/directmail-profi.de\/index.php?rest_route=\/wp\/v2\/pages"}],"about":[{"href":"http:\/\/directmail-profi.de\/index.php?rest_route=\/wp\/v2\/types\/page"}],"author":[{"embeddable":true,"href":"http:\/\/directmail-profi.de\/index.php?rest_route=\/wp\/v2\/users\/1"}],"replies":[{"embeddable":true,"href":"http:\/\/directmail-profi.de\/index.php?rest_route=%2Fwp%2Fv2%2Fcomments&post=177"}],"version-history":[{"count":4,"href":"http:\/\/directmail-profi.de\/index.php?rest_route=\/wp\/v2\/pages\/177\/revisions"}],"predecessor-version":[{"id":343,"href":"http:\/\/directmail-profi.de\/index.php?rest_route=\/wp\/v2\/pages\/177\/revisions\/343"}],"wp:attachment":[{"href":"http:\/\/directmail-profi.de\/index.php?rest_route=%2Fwp%2Fv2%2Fmedia&parent=177"}],"curies":[{"name":"wp","href":"https:\/\/api.w.org\/{rel}","templated":true}]}}